23
In base 11, what is 2 + 51966?
51968
In base 10, what is 4299 - -4?
4303
In base 2, what is 1001100001000101111 + 11?
1001100001000110010
In base 7, what is -124125 + -13?
-124141
In base 7, what is 2 - -62623?
62625
In base 10, what is 3 - -12191?
12194
In base 3, what is 120222 - -202201?
1100200
In base 11, what is -7 + -2850a?
-28516
In base 3, what is -122 + 2202211?
2202012
In base 14, what is -75b + -13?
-770
In base 3, what is -111120 + -21111220?
-22000110
In base 2, what is -1011110111000001 - -111?
-1011110110111010
In base 16, what is -5 - -1ba9?
1ba4
In base 5, what is -10022 + -104002?
-114024
In base 8, what is -121 + -1654?
-1775
In base 3, what is -11102111 + -220?
-11110101
In base 13, what is -14 + 2833?
281c
In base 2, what is 100100000000 - -1100010?
100101100010
In base 13, what is 160384 + -4?
160380
In base 12, what is -2b352 + 4?
-2b34a
In base 8, what is -2 + 2003200?
2003176
In base 5, what is 2142 - -1030?
3222
In base 2, what is 11011001010010 + 1001?
11011001011011
In base 5, what is -1021233 + 2?
-1021231
In base 15, what is -99b - -8?
-993
In base 12, what is 5 - -a423a?
a4243
In base 5, what is -2 + 12203?
12201
In base 8, what is 1553775 + 1?
1553776
In base 3, what is 1000202200021 - 0?
1000202200021
In base 10, what is -1862 - -171?
-1691
In base 14, what is -4199 + 5?
-4194
In base 12, what is -1b - 77a01?
-77a20
In base 10, what is 2 + 2554?
2556
In base 3, what is 1121 - -1022112010?
1022120201
In base 15, what is -aedb - 11e?
-b10a
In base 14, what is -5 - -1a3a9?
1a3a4
In base 13, what is 49262 - 2?
49260
In base 9, what is 108 - -2447?
2556
In base 8, what is 4 - -126020?
126024
In base 10, what is -4699355 + -4?
-4699359
In base 9, what is 3373 + -2?
3371
In base 8, what is -731 - 3011?
-3742
In base 7, what is 216 + -5654?
-5435
In base 6, what is -442 - -2254?
1412
In base 16, what is 2d - 6f5?
-6c8
In base 10, what is 230175 + 2?
230177
In base 5, what is 31323312 - -14?
31323331
In base 16, what is -11 + -7d8?
-7e9
In base 3, what is 1100000 - -2111222?
10211222
In base 16, what is -2 - 2f0b?
-2f0d
In base 13, what is -4156 + -1?
-4157
In base 5, what is 1 - -440023?
440024
In base 16, what is -2 + -5cc8?
-5cca
In base 14, what is -604 + 12?
-5d2
In base 2, what is 1 + -10000111110101?
-10000111110100
In base 12, what is 66746 - 0?
66746
In base 5, what is -3 + -200423?
-200431
In base 12, what is -a - 5a7?
-5b5
In base 3, what is 1002202000211 + -2?
1002202000202
In base 13, what is 1 + 6578?
6579
In base 13, what is 5 - -6622?
6627
In base 8, what is -4520733 + -4?
-4520737
In base 16, what is -1 + -17bb?
-17bc
In base 6, what is 5205 + 45?
5254
In base 8, what is 35406 + -1?
35405
In base 4, what is -11222030 - 0?
-11222030
In base 5, what is -2 + 231010112?
231010110
In base 14, what is 797 + 29c?
a55
In base 2, what is 1000100111011111010 - 101?
1000100111011110101
In base 12, what is 2769 - -3?
2770
In base 15, what is -6c6c + -3d?
-6caa
In base 5, what is -11 + -1032031?
-1032042
In base 13, what is -335b + -21?
-337c
In base 16, what is -9 + 6f26?
6f1d
In base 15, what is 11258 - -5?
1125d
In base 11, what is -682878 + -1?
-682879
In base 7, what is -1356316 - 2?
-1356321
In base 5, what is -121 - -110044?
104423
In base 6, what is 1 + -3033531?
-3033530
In base 12, what is 126410 + -2?
12640a
In base 12, what is -18 - 27284?
-272a0
In base 9, what is -81 + 2558?
2467
In base 14, what is -41a - -72?
-388
In base 14, what is 3 + 56?
59
In base 5, what is 3242434 + 2?
3242441
In base 4, what is -12111 + 112333?
100222
In base 2, what is 0 - 1110000000?
-1110000000
In base 13, what is 32 + -4ac7?
-4a95
In base 12, what is 0 - -b35b?
b35b
In base 7, what is -14 + 4346?
4332
In base 13, what is -b67 - -2?
-b65
In base 13, what is -7c0 + -50b?
-ccb
In base 2, what is -1111001111100000 + 1?
-1111001111011111
In base 5, what is -11 + 30142?
30131
In base 15, what is -46 + -1ea?
-241
In base 3, what is -1 - -1022011001?
1022011000
In base 6, what is 51051 + -25?
51022
In base 16, what is 2f5 + -3c?
2b9
In base 7, what is -3 - -1102244?
1102241
In base 12, what is 313 + 136?
449
In base 5, what is 4 + -40304442?
-40304433
In base 7, what is -563 - -2165?
1302
In base 3, what is 1100012100 - 1001?
1100011022
In base 16, what is -c7 - -191?
ca
In base 13, what is -20502 - 8?
-2050a
In base 11, what is -57 - -610?
564
In base 13, what is -252 + -29a?
-51c
In base 15, what is -24 - -1c4a?
1c26
In base 7, what is 2 - -5345?
5350
In base 10, what is -101489 + -4?
-101493
In base 12, what is 4 + -5657?
-5653
In base 9, what is 136355 + 6?
136362
In base 12, what is -15087 - 0?
-15087
In base 3, what is 2 + -2020110021?
-2020110012
In base 3, what is -1100122212 - 10?
-1100122222
In base 14, what is -6b40 + b1?
-6a6d
In base 3, what is -11112010102 - -21?
-11112010011
In base 9, what is -304 + 4566?
4262
In base 15, what is -36 - -3eb1?
3e7a
In base 8, what is -11332 - -22?
-11310
In base 10, what is -13050 + 4?
-13046
In base 13, what is 1259a - 12?
12588
In base 9, what is -4 + 243758?
243754
In base 12, what is 2 - 18181?
-1817b
In base 5, what is 10 + 1344124?
1344134
In base 7, what is -13 - -12602?
12556
In base 9, what is 45856 + 4?
45861
In base 16, what is 198 + -65?
133
In base 3, what is -2021022020 - 11002?
-2021110022
In base 13, what is -3c - 5545?
-5584
In base 2, what is 1010 - -100111011010?
100111100100
In base 9, what is 4128651 + 0?
4128651
In base 7, what is 6143221 + -4?
6143214
In base 4, what is 2203 - -1203?
10012
In base 3, what is -1 - 101222001?
-101222002
In base 16, what is 11 - 2b7ab?
-2b79a
In base 2, what is 1000100001011101 + -1?
1000100001011100
In base 16, what is 8ef9 + -3?
8ef6
In base 15, what is b - -164e4?
16500
In base 3, what is -101 + -1021100?
-1021201
In base 8, what is 604656 - 2?
604654
In base 3, what is -21 + 2210120?
2210022
In base 9, what is -1 + 418438?
418437
In base 15, what is 8bb - bc?
7ee
In base 3, what is -2100012 - -1011200?
-1011112
In base 8, what is 16137 + -226?
15711
In base 15, what is -20c + 3c5?
1b8
In base 6, what is -13 + 2350033?
2350020
In base 3, what is -20202101111 + 2?
-20202101102
In base 7, what is -1424 - -1314?
-110
In base 14, what is 1578 + 5?
157d
In base 7, what is 3 - 161504?
-161501
In base 14, what is -3498 + 5?
-3493
In base 15, what is cb51 + 2?
cb53
In base 14, what is -29a8 + -1a?
-29c4
In base 16, what is 3 - 1920?
-191d
In base 3, what is -21 - -1001200012?
1001122221
In base 3, what is -2212021 + -1201?
-2220222
In base 3, what is -111122202100012 + -1?
-111122202100020
In base 14, what is 8285b - -4?
82861
In base 2, what is 11011111010010 + -1?
11011111010001
In base 5, what is -3444 + 311?
-3133
In base 16, what is 36a5 + 18?
36bd
In base 10, what is 36478 - -42?
36520
In base 8, what is -604 + -340?
-1144
In base 4, what is -230312 + 2033?
-222213
In base 2, what is 101101100010101 + -100111?
101101011101110
In base 10, what is -1 + 116223?
116222
In base 4, what is -13122110 + 111?
-13121333
In base 6, what is 33211033 - -5?
33211042
In base 4, what is 1 - 2232122?
-2232121
In base 9, what is -54 - -1232?
1167
In base 8, what is -23 + 1332?
1307
In base 6, what is 123215 - -31?
123250
In base 5, what is -220311 + 12?
-220244
In base 8, what is -3 - -45437?
45434
In base 14, what is -c8 + -248?
-332
In base 14, what is -17 + -2b4?
-2cb
In base 9, what is -334 - -2?
-332
In base 9, what is -605 + 845?
240
In base 2, what is -11100100 + 1101000101?
1001100001
In base 2, what is -1100000000 - -1010001?
-1010101111
In base 4, what is 320 - -11132221?
11133201
In base 9, what is 0 - 86175?
-86175
In base 14, what is 43 + -10d69?
-10d26
In base 7, what is 0 - -1235426?
1235426
In base 8, what is 1352132 + 0?
1352132
In base 15, what is -28 + 9d2e?
9d06
In base 3, what is 1021100112122 - 1?
1021100112121
In base 13, what is 67 - c?
58
In base 13, what is c5 + -142?
-4a
In base 9, what is 1254324 - 4?
1254320
In base 11, what is 0 + 241535?
241535
In base 14, what is 13b + 5b?
198
In base 7, what is 45256445 + 1?
45256446
In base 6, what is -10345 - 3154?
-13543
In base 4, what is -120031 + 3032?
-110333
In base 14, what is 8812 + 3?
8815
In base 9, what is -228627 + 1?
-228626
In base 13, what is -3 + a87cb?